{"id":807,"date":"2024-03-09T16:21:46","date_gmt":"2024-03-09T15:21:46","guid":{"rendered":"https:\/\/perdifly.com\/?post_type=product&#038;p=807"},"modified":"2025-12-31T11:52:50","modified_gmt":"2025-12-31T10:52:50","slug":"le-plecoptere","status":"publish","type":"product","link":"https:\/\/perdifly.com\/index.php\/produit\/le-plecoptere\/","title":{"rendered":"Le Pl\u00e9copt\u00e8re"},"content":{"rendered":"<ul>\n<li>Hame\u00e7on :\u00a0 droit H18 \u00e0 H20<\/li>\n<li>Corps : fil de montage rusty brown<\/li>\n<li>Aile: Pardo<\/li>\n<li>collerette : oreille de chevreuil<\/li>\n<\/ul>\n","protected":false},"excerpt":{"rendered":"<p>Le Pl\u00e9copt\u00e8re mini est une mouche tr\u00e8s pris\u00e9 des truites lors des session hivernale<\/p>\n","protected":false},"featured_media":2885,"template":"","meta":{"neve_meta_sidebar":"","neve_meta_container":"","neve_meta_enable_content_width":"off","neve_meta_content_width":70,"neve_meta_title_alignment":"","neve_meta_author_avatar":"","neve_post_elements_order":"","neve_meta_disable_header":"","neve_meta_disable_footer":"","neve_meta_disable_title":"","_themeisle_gutenberg_block_has_review":false},"product_brand":[],"product_cat":[47],"product_tag":[],"class_list":{"0":"post-807","1":"product","2":"type-product","3":"status-publish","4":"has-post-thumbnail","6":"product_cat-seche","8":"first","9":"instock","10":"taxable","11":"shipping-taxable","12":"purchasable","13":"product-type-variable"},"_links":{"self":[{"href":"https:\/\/perdifly.com\/index.php\/wp-json\/wp\/v2\/product\/807","targetHints":{"allow":["GET"]}}],"collection":[{"href":"https:\/\/perdifly.com\/index.php\/wp-json\/wp\/v2\/product"}],"about":[{"href":"https:\/\/perdifly.com\/index.php\/wp-json\/wp\/v2\/types\/product"}],"wp:featuredmedia":[{"embeddable":true,"href":"https:\/\/perdifly.com\/index.php\/wp-json\/wp\/v2\/media\/2885"}],"wp:attachment":[{"href":"https:\/\/perdifly.com\/index.php\/wp-json\/wp\/v2\/media?parent=807"}],"wp:term":[{"taxonomy":"product_brand","embeddable":true,"href":"https:\/\/perdifly.com\/index.php\/wp-json\/wp\/v2\/product_brand?post=807"},{"taxonomy":"product_cat","embeddable":true,"href":"https:\/\/perdifly.com\/index.php\/wp-json\/wp\/v2\/product_cat?post=807"},{"taxonomy":"product_tag","embeddable":true,"href":"https:\/\/perdifly.com\/index.php\/wp-json\/wp\/v2\/product_tag?post=807"}],"curies":[{"name":"wp","href":"https:\/\/api.w.org\/{rel}","templated":true}]}}