{"id":681,"date":"2025-02-28T22:12:54","date_gmt":"2025-02-28T21:12:54","guid":{"rendered":"https:\/\/perdifly.com\/?post_type=product&#038;p=681"},"modified":"2025-08-04T21:25:49","modified_gmt":"2025-08-04T19:25:49","slug":"boite-bosnie-printemps-escape-fly-fishing","status":"publish","type":"product","link":"https:\/\/perdifly.com\/index.php\/produit\/boite-bosnie-printemps-escape-fly-fishing\/","title":{"rendered":"Boite Bosnie printemps Escape Fly fishing"},"content":{"rendered":"<p>La composition de nos packs :<\/p>\n<ul>\n<li><strong>Pack essentiel 24 mouches s\u00e8ches et \u00e9mergentes<\/strong> : 3 mouches de mai en\u00a0 10 , 3 Ecdyo BC en 10,\u00a0 3 emerger en 16, 3 bi ailes en 16, 3 parachute jaune pale en 16, 3 Li\u00e8vre &amp; CDC en 16,\u00a0 3 Emergentes puta en 14, 3 stonefly en 6.<\/li>\n<\/ul>\n<p>&nbsp;<\/p>\n<ul>\n<li><strong>Pack toutes situations 42 mouches s\u00e8ches et \u00e9mergentes<\/strong> : 3 mouches de mai en\u00a0 10 , 3 mouches de mai en 12, 3 Ecdyo BC en 10, 3 Ecdyo BC en 12 , 3 emerger en 16, 3 emerger en 18, 3 bi ailes en 16, 3 parachute jaune pale en 16, 3 Li\u00e8vre &amp; CDC en 16,\u00a0 3 Li\u00e8vre &amp; CDC en 18, 3 Emergentes puta en 14,\u00a0 3 Sedge Raboliot, 3 Spent en 16 et 3 stonefly en 6.<\/li>\n<\/ul>\n","protected":false},"excerpt":{"rendered":"<p>En partenariat avec\u00a0 Balkans Evasion &amp; Escape Fly Fishing nous vous proposons notre s\u00e9lection de mouche pour\u00a0 la p\u00eache\u00a0 en Bosnie au printemps<br \/>\n2 assortiments sont \u00e0 votre disposition:<\/p>\n<ul>\n<li>Pack\u00a0 essentiel compos\u00e9e d&rsquo;un assortiment de 24 mouches s\u00e8ches et \u00e9mergentes<\/li>\n<li>Pack toutes situations compos\u00e9e d&rsquo;un assortiment de 42 mouches s\u00e8ches et \u00e9mergentes<\/li>\n<\/ul>\n<p>La boite est offerte<\/p>\n","protected":false},"featured_media":2343,"template":"","meta":{"neve_meta_sidebar":"","neve_meta_container":"","neve_meta_enable_content_width":"off","neve_meta_content_width":70,"neve_meta_title_alignment":"","neve_meta_author_avatar":"","neve_post_elements_order":"","neve_meta_disable_header":"","neve_meta_disable_footer":"","neve_meta_disable_title":"","_themeisle_gutenberg_block_has_review":false},"product_brand":[],"product_cat":[128],"product_tag":[],"class_list":{"0":"post-681","1":"product","2":"type-product","3":"status-publish","4":"has-post-thumbnail","6":"product_cat-bosnie","7":"product_shipping_class-colis","9":"first","10":"instock","11":"taxable","12":"shipping-taxable","13":"purchasable","14":"product-type-variable"},"_links":{"self":[{"href":"https:\/\/perdifly.com\/index.php\/wp-json\/wp\/v2\/product\/681","targetHints":{"allow":["GET"]}}],"collection":[{"href":"https:\/\/perdifly.com\/index.php\/wp-json\/wp\/v2\/product"}],"about":[{"href":"https:\/\/perdifly.com\/index.php\/wp-json\/wp\/v2\/types\/product"}],"wp:featuredmedia":[{"embeddable":true,"href":"https:\/\/perdifly.com\/index.php\/wp-json\/wp\/v2\/media\/2343"}],"wp:attachment":[{"href":"https:\/\/perdifly.com\/index.php\/wp-json\/wp\/v2\/media?parent=681"}],"wp:term":[{"taxonomy":"product_brand","embeddable":true,"href":"https:\/\/perdifly.com\/index.php\/wp-json\/wp\/v2\/product_brand?post=681"},{"taxonomy":"product_cat","embeddable":true,"href":"https:\/\/perdifly.com\/index.php\/wp-json\/wp\/v2\/product_cat?post=681"},{"taxonomy":"product_tag","embeddable":true,"href":"https:\/\/perdifly.com\/index.php\/wp-json\/wp\/v2\/product_tag?post=681"}],"curies":[{"name":"wp","href":"https:\/\/api.w.org\/{rel}","templated":true}]}}