{"id":3034,"date":"2026-01-02T15:45:21","date_gmt":"2026-01-02T14:45:21","guid":{"rendered":"https:\/\/perdifly.com\/?post_type=product&#038;p=3034"},"modified":"2026-01-03T11:07:14","modified_gmt":"2026-01-03T10:07:14","slug":"rq-eauccitanie","status":"publish","type":"product","link":"https:\/\/perdifly.com\/index.php\/produit\/rq-eauccitanie\/","title":{"rendered":"Canard&rsquo;Eauccitanie (ancienne \u00ab\u00a0Gitane\u00a0\u00bb)"},"content":{"rendered":"<p>3 mod\u00e8les disponibles<\/p>\n<ul>\n<li>Taille 12 , bille de 3,5mm\u00a0 couleur cuivre<\/li>\n<li>Taille 14, bille de 3mm\u00a0 couleur cuivre<\/li>\n<li>Taille 1-, bille de 2,5mm\u00a0 couleur cuivre<\/li>\n<\/ul>\n<p>&nbsp;<\/p>\n<p>&nbsp;<\/p>\n","protected":false},"excerpt":{"rendered":"<p>La Canard&rsquo;Eauccitanie est une nymphe totalement incitative con\u00e7ue par Romain Quil\u00e8s. Son nom r\u00e9gional vient du fait qu&rsquo;elle est utile sur tout le territoire, qu&rsquo;importe les rivi\u00e8res. Elle trouve son efficacit\u00e9 l&rsquo;\u00e9t\u00e9, en jouant sur l&rsquo;agressivit\u00e9 en lien avec la d\u00e9fense du poste<br \/>\nalimentaire de la truite.<\/p>\n<p>Cette nymphe est mont\u00e9e sur un hame\u00e7on Jig sans ardillon pour \u00eatre utilis\u00e9 proche du fond tout en limitant les accroches.<\/p>\n<p>Romain : \u00ab\u00a0C&rsquo;est la nymphe qui me sert principalement l&rsquo;\u00e9t\u00e9 de binome avec ma Canard&rsquo;Eaucre, et que je positionne en potence, d\u00e9colll\u00e9e du fond pour la faire passer relativement rapidement entre deux eaux\u00a0\u00bb.<\/p>\n<p>&nbsp;<\/p>\n","protected":false},"featured_media":3038,"template":"","meta":{"neve_meta_sidebar":"","neve_meta_container":"","neve_meta_enable_content_width":"off","neve_meta_content_width":70,"neve_meta_title_alignment":"","neve_meta_author_avatar":"","neve_post_elements_order":"","neve_meta_disable_header":"","neve_meta_disable_footer":"","neve_meta_disable_title":"","_themeisle_gutenberg_block_has_review":false},"product_brand":[],"product_cat":[69,122],"product_tag":[],"class_list":{"0":"post-3034","1":"product","2":"type-product","3":"status-publish","4":"has-post-thumbnail","6":"product_cat-naf","7":"product_cat-nymphes-rq","9":"first","10":"instock","11":"taxable","12":"shipping-taxable","13":"purchasable","14":"product-type-variable"},"_links":{"self":[{"href":"https:\/\/perdifly.com\/index.php\/wp-json\/wp\/v2\/product\/3034","targetHints":{"allow":["GET"]}}],"collection":[{"href":"https:\/\/perdifly.com\/index.php\/wp-json\/wp\/v2\/product"}],"about":[{"href":"https:\/\/perdifly.com\/index.php\/wp-json\/wp\/v2\/types\/product"}],"wp:featuredmedia":[{"embeddable":true,"href":"https:\/\/perdifly.com\/index.php\/wp-json\/wp\/v2\/media\/3038"}],"wp:attachment":[{"href":"https:\/\/perdifly.com\/index.php\/wp-json\/wp\/v2\/media?parent=3034"}],"wp:term":[{"taxonomy":"product_brand","embeddable":true,"href":"https:\/\/perdifly.com\/index.php\/wp-json\/wp\/v2\/product_brand?post=3034"},{"taxonomy":"product_cat","embeddable":true,"href":"https:\/\/perdifly.com\/index.php\/wp-json\/wp\/v2\/product_cat?post=3034"},{"taxonomy":"product_tag","embeddable":true,"href":"https:\/\/perdifly.com\/index.php\/wp-json\/wp\/v2\/product_tag?post=3034"}],"curies":[{"name":"wp","href":"https:\/\/api.w.org\/{rel}","templated":true}]}}