{"id":1723,"date":"2024-11-03T21:40:54","date_gmt":"2024-11-03T20:40:54","guid":{"rendered":"https:\/\/perdifly.com\/?post_type=product&#038;p=1723"},"modified":"2026-01-01T10:35:04","modified_gmt":"2026-01-01T09:35:04","slug":"sedge-zce","status":"publish","type":"product","link":"https:\/\/perdifly.com\/index.php\/produit\/sedge-zce\/","title":{"rendered":"Sedge Zc\u00e9"},"content":{"rendered":"<ul>\n<li>Hame\u00e7on : Ahrex FW531<\/li>\n<li>Corps : Dubbing de li\u00e8vre naturel<\/li>\n<li>Sous aile : Plume de CDC beige ou marron<\/li>\n<li>Aile : Plume de b\u00e9casse<\/li>\n<li>Collerette :\u00a0 Dubbing de li\u00e8vre naturel<\/li>\n<\/ul>\n<p>&nbsp;<\/p>\n","protected":false},"excerpt":{"rendered":"<p>Le sedge Zc\u00e9 est une libre interpr\u00e9tation du fameux ZC13 que tous les p\u00e9cheurs connaisse.<\/p>\n<p>Ici ce fabuleux sedge \u00e9mergent est mont\u00e9 avec une sous aile en cdc, deux plumes de b\u00e9casses\u00a0 et une collerette en dubbing de li\u00e8vre \u00ab\u00a0maison\u00a0\u00bb<\/p>\n<p>Le coup du soir est son domaine de pr\u00e9dilection.<\/p>\n<p>Elle existe en 3 tailles du 12 au 16<\/p>\n","protected":false},"featured_media":2204,"template":"","meta":{"neve_meta_sidebar":"","neve_meta_container":"","neve_meta_enable_content_width":"off","neve_meta_content_width":70,"neve_meta_title_alignment":"","neve_meta_author_avatar":"","neve_post_elements_order":"","neve_meta_disable_header":"","neve_meta_disable_footer":"","neve_meta_disable_title":"","_themeisle_gutenberg_block_has_review":false},"product_brand":[],"product_cat":[47],"product_tag":[],"class_list":{"0":"post-1723","1":"product","2":"type-product","3":"status-publish","4":"has-post-thumbnail","6":"product_cat-seche","8":"first","9":"instock","10":"taxable","11":"shipping-taxable","12":"purchasable","13":"product-type-variable"},"_links":{"self":[{"href":"https:\/\/perdifly.com\/index.php\/wp-json\/wp\/v2\/product\/1723","targetHints":{"allow":["GET"]}}],"collection":[{"href":"https:\/\/perdifly.com\/index.php\/wp-json\/wp\/v2\/product"}],"about":[{"href":"https:\/\/perdifly.com\/index.php\/wp-json\/wp\/v2\/types\/product"}],"wp:featuredmedia":[{"embeddable":true,"href":"https:\/\/perdifly.com\/index.php\/wp-json\/wp\/v2\/media\/2204"}],"wp:attachment":[{"href":"https:\/\/perdifly.com\/index.php\/wp-json\/wp\/v2\/media?parent=1723"}],"wp:term":[{"taxonomy":"product_brand","embeddable":true,"href":"https:\/\/perdifly.com\/index.php\/wp-json\/wp\/v2\/product_brand?post=1723"},{"taxonomy":"product_cat","embeddable":true,"href":"https:\/\/perdifly.com\/index.php\/wp-json\/wp\/v2\/product_cat?post=1723"},{"taxonomy":"product_tag","embeddable":true,"href":"https:\/\/perdifly.com\/index.php\/wp-json\/wp\/v2\/product_tag?post=1723"}],"curies":[{"name":"wp","href":"https:\/\/api.w.org\/{rel}","templated":true}]}}