{"id":1328,"date":"2024-07-31T18:28:37","date_gmt":"2024-07-31T16:28:37","guid":{"rendered":"https:\/\/perdifly.com\/?post_type=product&#038;p=1328"},"modified":"2025-01-30T19:43:26","modified_gmt":"2025-01-30T18:43:26","slug":"shuttlecock","status":"publish","type":"product","link":"https:\/\/perdifly.com\/index.php\/produit\/shuttlecock\/","title":{"rendered":"Shuttlecock"},"content":{"rendered":"<div class=\"su-image-carousel  su-image-carousel-has-spacing su-image-carousel-crop su-image-carousel-crop-4-3 su-image-carousel-has-outline su-image-carousel-adaptive su-image-carousel-slides-style-default su-image-carousel-controls-style-dark su-image-carousel-align-none\" style=\"\" data-flickity-options='{\"groupCells\":true,\"cellSelector\":\".su-image-carousel-item\",\"adaptiveHeight\":false,\"cellAlign\":\"left\",\"prevNextButtons\":true,\"pageDots\":true,\"autoPlay\":4000,\"imagesLoaded\":true,\"contain\":true,\"selectedAttraction\":0.025,\"friction\":0.28}' id=\"su_image_carousel_69f2adf675aa0\"><div class=\"su-image-carousel-item\"><div class=\"su-image-carousel-item-content\"><a href=\"\" target=\"_blank\" rel=\"noopener noreferrer\" data-caption=\"\"><img loading=\"lazy\" decoding=\"async\" width=\"680\" height=\"541\" src=\"https:\/\/perdifly.com\/wp-content\/uploads\/2024\/07\/Capture-shuttle-olive-clair.png\" class=\"\" alt=\"\" srcset=\"https:\/\/perdifly.com\/wp-content\/uploads\/2024\/07\/Capture-shuttle-olive-clair.png 680w, https:\/\/perdifly.com\/wp-content\/uploads\/2024\/07\/Capture-shuttle-olive-clair-300x239.png 300w, https:\/\/perdifly.com\/wp-content\/uploads\/2024\/07\/Capture-shuttle-olive-clair-600x477.png 600w\" sizes=\"auto, (max-width: 680px) 100vw, 680px\" \/><\/a><\/div><\/div><div class=\"su-image-carousel-item\"><div class=\"su-image-carousel-item-content\"><a href=\"\" target=\"_blank\" rel=\"noopener noreferrer\" data-caption=\"\"><img loading=\"lazy\" decoding=\"async\" width=\"678\" height=\"581\" src=\"https:\/\/perdifly.com\/wp-content\/uploads\/2024\/07\/Capture-shuttle-olive.png\" class=\"\" alt=\"\" srcset=\"https:\/\/perdifly.com\/wp-content\/uploads\/2024\/07\/Capture-shuttle-olive.png 678w, https:\/\/perdifly.com\/wp-content\/uploads\/2024\/07\/Capture-shuttle-olive-300x257.png 300w, https:\/\/perdifly.com\/wp-content\/uploads\/2024\/07\/Capture-shuttle-olive-600x514.png 600w\" sizes=\"auto, (max-width: 678px) 100vw, 678px\" \/><\/a><\/div><\/div><div class=\"su-image-carousel-item\"><div class=\"su-image-carousel-item-content\"><a href=\"\" target=\"_blank\" rel=\"noopener noreferrer\" data-caption=\"\"><img loading=\"lazy\" decoding=\"async\" width=\"681\" height=\"512\" src=\"https:\/\/perdifly.com\/wp-content\/uploads\/2024\/07\/Capture-shuttle-bwo.png\" class=\"\" alt=\"\" srcset=\"https:\/\/perdifly.com\/wp-content\/uploads\/2024\/07\/Capture-shuttle-bwo.png 681w, https:\/\/perdifly.com\/wp-content\/uploads\/2024\/07\/Capture-shuttle-bwo-300x226.png 300w, https:\/\/perdifly.com\/wp-content\/uploads\/2024\/07\/Capture-shuttle-bwo-600x451.png 600w\" sizes=\"auto, (max-width: 681px) 100vw, 681px\" \/><\/a><\/div><\/div><\/div><script id=\"su_image_carousel_69f2adf675aa0_script\">if(window.SUImageCarousel){setTimeout(function() {window.SUImageCarousel.initGallery(document.getElementById(\"su_image_carousel_69f2adf675aa0\"))}, 0);}var su_image_carousel_69f2adf675aa0_script=document.getElementById(\"su_image_carousel_69f2adf675aa0_script\");if(su_image_carousel_69f2adf675aa0_script){su_image_carousel_69f2adf675aa0_script.parentNode.removeChild(su_image_carousel_69f2adf675aa0_script);}<\/script>\n<ul>\n<li>Hame\u00e7on :\u00a0 standard h18 \u00e0 H20 Ahrex FW503<\/li>\n<li>Cerques : Coq pardo<\/li>\n<li>Corp\u00a0 : fil de montage veevus 16\/0\u00a0 olive, olive fonc\u00e9, olive clair<\/li>\n<li>Thorax : Dubbing \u00e9cureuil SLF<\/li>\n<li>Ailes : CDC sauvage<\/li>\n<\/ul>\n<p>Mouche disponible de la taille 1_ \u00e0 20 en\u00a0 couleurs, Olive, olive fonc\u00e9,\u00a0 olive clair, orange, marron et lie de vin<\/p>\n","protected":false},"excerpt":{"rendered":"<p>Le shuttlecok est une imitation d\u2019insecte en train d\u2019\u00e9merger. Sa forme toujours \u00e9pur\u00e9e et son petit toupet en CDC lui permette de naviguer dans la pellicule et de s\u00e9duire m\u00eame les poissons les plus difficiles.<\/p>\n<p>&nbsp;<\/p>\n","protected":false},"featured_media":1518,"template":"","meta":{"neve_meta_sidebar":"","neve_meta_container":"","neve_meta_enable_content_width":"off","neve_meta_content_width":70,"neve_meta_title_alignment":"","neve_meta_author_avatar":"","neve_post_elements_order":"","neve_meta_disable_header":"","neve_meta_disable_footer":"","neve_meta_disable_title":"","_themeisle_gutenberg_block_has_review":false},"product_brand":[],"product_cat":[47],"product_tag":[],"class_list":{"0":"post-1328","1":"product","2":"type-product","3":"status-publish","4":"has-post-thumbnail","6":"product_cat-seche","8":"first","9":"instock","10":"taxable","11":"shipping-taxable","12":"purchasable","13":"product-type-variable"},"_links":{"self":[{"href":"https:\/\/perdifly.com\/index.php\/wp-json\/wp\/v2\/product\/1328","targetHints":{"allow":["GET"]}}],"collection":[{"href":"https:\/\/perdifly.com\/index.php\/wp-json\/wp\/v2\/product"}],"about":[{"href":"https:\/\/perdifly.com\/index.php\/wp-json\/wp\/v2\/types\/product"}],"wp:featuredmedia":[{"embeddable":true,"href":"https:\/\/perdifly.com\/index.php\/wp-json\/wp\/v2\/media\/1518"}],"wp:attachment":[{"href":"https:\/\/perdifly.com\/index.php\/wp-json\/wp\/v2\/media?parent=1328"}],"wp:term":[{"taxonomy":"product_brand","embeddable":true,"href":"https:\/\/perdifly.com\/index.php\/wp-json\/wp\/v2\/product_brand?post=1328"},{"taxonomy":"product_cat","embeddable":true,"href":"https:\/\/perdifly.com\/index.php\/wp-json\/wp\/v2\/product_cat?post=1328"},{"taxonomy":"product_tag","embeddable":true,"href":"https:\/\/perdifly.com\/index.php\/wp-json\/wp\/v2\/product_tag?post=1328"}],"curies":[{"name":"wp","href":"https:\/\/api.w.org\/{rel}","templated":true}]}}