{"id":1141,"date":"2024-04-15T12:05:21","date_gmt":"2024-04-15T10:05:21","guid":{"rendered":"https:\/\/perdifly.com\/?post_type=product&#038;p=1141"},"modified":"2026-02-04T12:06:19","modified_gmt":"2026-02-04T11:06:19","slug":"le-spent","status":"publish","type":"product","link":"https:\/\/perdifly.com\/index.php\/produit\/le-spent\/","title":{"rendered":"Le Spent"},"content":{"rendered":"<div class=\"su-image-carousel  su-image-carousel-has-spacing su-image-carousel-crop su-image-carousel-crop-4-3 su-image-carousel-has-outline su-image-carousel-adaptive su-image-carousel-slides-style-default su-image-carousel-controls-style-dark su-image-carousel-align-none\" style=\"\" data-flickity-options='{\"groupCells\":true,\"cellSelector\":\".su-image-carousel-item\",\"adaptiveHeight\":false,\"cellAlign\":\"left\",\"prevNextButtons\":true,\"pageDots\":true,\"autoPlay\":5000,\"imagesLoaded\":true,\"contain\":true,\"selectedAttraction\":0.025,\"friction\":0.28}' id=\"su_image_carousel_69f1fbae7dd90\"><div class=\"su-image-carousel-item\"><div class=\"su-image-carousel-item-content\"><a href=\"\" target=\"_blank\" rel=\"noopener noreferrer\" data-caption=\"\"><img loading=\"lazy\" decoding=\"async\" width=\"1024\" height=\"768\" src=\"https:\/\/perdifly.com\/wp-content\/uploads\/2024\/04\/PXL_20240129_182753145.MP_-1024x768.jpg\" class=\"\" alt=\"\" srcset=\"https:\/\/perdifly.com\/wp-content\/uploads\/2024\/04\/PXL_20240129_182753145.MP_-1024x768.jpg 1024w, https:\/\/perdifly.com\/wp-content\/uploads\/2024\/04\/PXL_20240129_182753145.MP_-300x225.jpg 300w, https:\/\/perdifly.com\/wp-content\/uploads\/2024\/04\/PXL_20240129_182753145.MP_-768x576.jpg 768w, https:\/\/perdifly.com\/wp-content\/uploads\/2024\/04\/PXL_20240129_182753145.MP_-1536x1152.jpg 1536w, https:\/\/perdifly.com\/wp-content\/uploads\/2024\/04\/PXL_20240129_182753145.MP_-2048x1536.jpg 2048w, https:\/\/perdifly.com\/wp-content\/uploads\/2024\/04\/PXL_20240129_182753145.MP_-600x450.jpg 600w\" sizes=\"auto, (max-width: 1024px) 100vw, 1024px\" \/><\/a><\/div><\/div><div class=\"su-image-carousel-item\"><div class=\"su-image-carousel-item-content\"><a href=\"\" target=\"_blank\" rel=\"noopener noreferrer\" data-caption=\"\"><img loading=\"lazy\" decoding=\"async\" width=\"1024\" height=\"768\" src=\"https:\/\/perdifly.com\/wp-content\/uploads\/2024\/04\/PXL_20240129_182722082-1024x768.jpg\" class=\"\" alt=\"\" srcset=\"https:\/\/perdifly.com\/wp-content\/uploads\/2024\/04\/PXL_20240129_182722082-1024x768.jpg 1024w, https:\/\/perdifly.com\/wp-content\/uploads\/2024\/04\/PXL_20240129_182722082-300x225.jpg 300w, https:\/\/perdifly.com\/wp-content\/uploads\/2024\/04\/PXL_20240129_182722082-768x576.jpg 768w, https:\/\/perdifly.com\/wp-content\/uploads\/2024\/04\/PXL_20240129_182722082-1536x1152.jpg 1536w, https:\/\/perdifly.com\/wp-content\/uploads\/2024\/04\/PXL_20240129_182722082-2048x1536.jpg 2048w, https:\/\/perdifly.com\/wp-content\/uploads\/2024\/04\/PXL_20240129_182722082-600x450.jpg 600w\" sizes=\"auto, (max-width: 1024px) 100vw, 1024px\" \/><\/a><\/div><\/div><\/div><script id=\"su_image_carousel_69f1fbae7dd90_script\">if(window.SUImageCarousel){setTimeout(function() {window.SUImageCarousel.initGallery(document.getElementById(\"su_image_carousel_69f1fbae7dd90\"))}, 0);}var su_image_carousel_69f1fbae7dd90_script=document.getElementById(\"su_image_carousel_69f1fbae7dd90_script\");if(su_image_carousel_69f1fbae7dd90_script){su_image_carousel_69f1fbae7dd90_script.parentNode.removeChild(su_image_carousel_69f1fbae7dd90_script);}<\/script>\n<ul>\n<li>Hame\u00e7on (hook): Ahrex FW501<\/li>\n<li>Cerques (tail): Coq pardo<\/li>\n<li>Corp (body) : Fil de montage Rouge, orange<\/li>\n<li>Thorax : Dubbing SLF \u00e9cureuil<\/li>\n<li>Ailes (Win)g: parapost cream<\/li>\n<\/ul>\n<p>Mouche disponible de la taille 16 \u00e0 20 en deux couleurs rouge ou orange<\/p>\n","protected":false},"excerpt":{"rendered":"<p>Le spent est \u00e0 utiliser en soir\u00e9e ou t\u00f4t le matin.<\/p>\n<p>Un conseil , si vous rep\u00e9rez quelques gobages discrets et qu&rsquo;aucun insecte n&rsquo;est pr\u00e9sent, ne surtout pas h\u00e9sitez \u00e0 monter un petit spent.<\/p>\n<p>&nbsp;<\/p>\n","protected":false},"featured_media":1147,"template":"","meta":{"neve_meta_sidebar":"","neve_meta_container":"","neve_meta_enable_content_width":"off","neve_meta_content_width":70,"neve_meta_title_alignment":"","neve_meta_author_avatar":"","neve_post_elements_order":"","neve_meta_disable_header":"","neve_meta_disable_footer":"","neve_meta_disable_title":"","_themeisle_gutenberg_block_has_review":false},"product_brand":[],"product_cat":[47],"product_tag":[],"class_list":{"0":"post-1141","1":"product","2":"type-product","3":"status-publish","4":"has-post-thumbnail","6":"product_cat-seche","8":"first","9":"instock","10":"taxable","11":"shipping-taxable","12":"purchasable","13":"product-type-variable"},"_links":{"self":[{"href":"https:\/\/perdifly.com\/index.php\/wp-json\/wp\/v2\/product\/1141","targetHints":{"allow":["GET"]}}],"collection":[{"href":"https:\/\/perdifly.com\/index.php\/wp-json\/wp\/v2\/product"}],"about":[{"href":"https:\/\/perdifly.com\/index.php\/wp-json\/wp\/v2\/types\/product"}],"wp:featuredmedia":[{"embeddable":true,"href":"https:\/\/perdifly.com\/index.php\/wp-json\/wp\/v2\/media\/1147"}],"wp:attachment":[{"href":"https:\/\/perdifly.com\/index.php\/wp-json\/wp\/v2\/media?parent=1141"}],"wp:term":[{"taxonomy":"product_brand","embeddable":true,"href":"https:\/\/perdifly.com\/index.php\/wp-json\/wp\/v2\/product_brand?post=1141"},{"taxonomy":"product_cat","embeddable":true,"href":"https:\/\/perdifly.com\/index.php\/wp-json\/wp\/v2\/product_cat?post=1141"},{"taxonomy":"product_tag","embeddable":true,"href":"https:\/\/perdifly.com\/index.php\/wp-json\/wp\/v2\/product_tag?post=1141"}],"curies":[{"name":"wp","href":"https:\/\/api.w.org\/{rel}","templated":true}]}}