{"id":2,"date":"2020-08-04T11:40:28","date_gmt":"2020-08-04T09:40:28","guid":{"rendered":"http:\/\/perdifly.com\/?page_id=2"},"modified":"2024-04-25T18:52:15","modified_gmt":"2024-04-25T16:52:15","slug":"page-d-exemple","status":"publish","type":"page","link":"https:\/\/perdifly.com\/index.php\/page-d-exemple\/","title":{"rendered":"Partenaires"},"content":{"rendered":"\n<div class=\"wp-block-media-text is-stacked-on-mobile\" style=\"grid-template-columns:22% auto\"><figure class=\"wp-block-media-text__media\"><a href=\"https:\/\/www.escape-flyfishing.com\/\"><img loading=\"lazy\" decoding=\"async\" width=\"263\" height=\"314\" src=\"https:\/\/perdifly.com\/wp-content\/uploads\/2024\/04\/logo-escape-balkan.png\" alt=\"\" class=\"wp-image-1184 size-full\" srcset=\"https:\/\/perdifly.com\/wp-content\/uploads\/2024\/04\/logo-escape-balkan.png 263w, https:\/\/perdifly.com\/wp-content\/uploads\/2024\/04\/logo-escape-balkan-251x300.png 251w\" sizes=\"auto, (max-width: 263px) 100vw, 263px\" \/><\/a><\/figure><div class=\"wp-block-media-text__content\">\n<p><strong>Escape Fly Fishing \/ Balkans \u00e9vasion<\/strong> est agence de voyage d\u00e9di\u00e9e \u00e0 la p\u00eache \u00e0 la mouche que j&rsquo;ai eu la chance de d\u00e9couvrir en 2020 avec qui je voyage r\u00e9guli\u00e8rement.<\/p>\n\n\n\n<p>Les destinations propos\u00e9es sont nombreuses ( Bosnie, Chili, Espagne, Etats Unie, Mont\u00e9n\u00e9gro, Norv\u00e8ge, Pologne, Su\u00e8de, Venzuela&#8230;),  les poissons fabuleux (Truite, Ombre, Brochet, Bonefish&#8230;) et l&rsquo;accueil toujours de qualit\u00e9. <\/p>\n\n\n\n<p>Une grande partie des mouches du catalogue Perdifly est inspir\u00e9 des lieux et des rencontres de ces voyages. Une gamme de mouche \u00e9labor\u00e9e en partenariat avec l&rsquo;\u00e9quipe Escape Fly Fishing \/ Balkans \u00e9vasion vous est m\u00eame propos\u00e9e dans la boutique. <\/p>\n<\/div><\/div>\n\n\n\n<p><\/p>\n\n\n\n<div class=\"wp-block-media-text is-stacked-on-mobile\" style=\"grid-template-columns:22% auto\"><figure class=\"wp-block-media-text__media\"><a href=\"https:\/\/ahrexhooks.com\/\"><img loading=\"lazy\" decoding=\"async\" width=\"1024\" height=\"339\" src=\"https:\/\/perdifly.com\/wp-content\/uploads\/2024\/03\/Ahrex-Logo-Blue-with-www-byline-1024x339.png\" alt=\"\" class=\"wp-image-1055 size-full\" srcset=\"https:\/\/perdifly.com\/wp-content\/uploads\/2024\/03\/Ahrex-Logo-Blue-with-www-byline-1024x339.png 1024w, https:\/\/perdifly.com\/wp-content\/uploads\/2024\/03\/Ahrex-Logo-Blue-with-www-byline-300x99.png 300w, https:\/\/perdifly.com\/wp-content\/uploads\/2024\/03\/Ahrex-Logo-Blue-with-www-byline-768x254.png 768w, https:\/\/perdifly.com\/wp-content\/uploads\/2024\/03\/Ahrex-Logo-Blue-with-www-byline-600x199.png 600w, https:\/\/perdifly.com\/wp-content\/uploads\/2024\/03\/Ahrex-Logo-Blue-with-www-byline.png 1535w\" sizes=\"auto, (max-width: 1024px) 100vw, 1024px\" \/><\/a><\/figure><div class=\"wp-block-media-text__content\">\n<p><strong>AHREX <\/strong>est une marque d&rsquo;hame\u00e7ons que l&rsquo;on ne pr\u00e9sente plus. <\/p>\n\n\n\n<p>Comme beaucoup de monteur la qualit\u00e9 et les mod\u00e8les propos\u00e9s ne m&rsquo;ont jamais d\u00e9\u00e7us. C&rsquo;est pourquoi j&rsquo;utilise les hame\u00e7ons Ahrex sur la majorit\u00e9 des mouches propos\u00e9s sur le shop.<\/p>\n\n\n\n<p>Je remercie Morten le boss d&rsquo;Ahrex et mon amis Wil Marquay sans qui se partenariat ne serait pas possible.<\/p>\n<\/div><\/div>\n\n\n\n<p><\/p>\n\n\n\n<div class=\"wp-block-media-text is-stacked-on-mobile\" style=\"grid-template-columns:22% auto\"><figure class=\"wp-block-media-text__media\"><a href=\"https:\/\/flyforfish.fr\/\"><img loading=\"lazy\" decoding=\"async\" width=\"1024\" height=\"1024\" src=\"https:\/\/perdifly.com\/wp-content\/uploads\/2024\/04\/C3C5B8BC-93C9-4CCB-B46A-920BAB61441E-1024x1024.png\" alt=\"\" class=\"wp-image-1190 size-full\" srcset=\"https:\/\/perdifly.com\/wp-content\/uploads\/2024\/04\/C3C5B8BC-93C9-4CCB-B46A-920BAB61441E-1024x1024.png 1024w, https:\/\/perdifly.com\/wp-content\/uploads\/2024\/04\/C3C5B8BC-93C9-4CCB-B46A-920BAB61441E-300x300.png 300w, https:\/\/perdifly.com\/wp-content\/uploads\/2024\/04\/C3C5B8BC-93C9-4CCB-B46A-920BAB61441E-150x150.png 150w, https:\/\/perdifly.com\/wp-content\/uploads\/2024\/04\/C3C5B8BC-93C9-4CCB-B46A-920BAB61441E-768x768.png 768w, https:\/\/perdifly.com\/wp-content\/uploads\/2024\/04\/C3C5B8BC-93C9-4CCB-B46A-920BAB61441E-1536x1536.png 1536w, https:\/\/perdifly.com\/wp-content\/uploads\/2024\/04\/C3C5B8BC-93C9-4CCB-B46A-920BAB61441E-2048x2048.png 2048w, https:\/\/perdifly.com\/wp-content\/uploads\/2024\/04\/C3C5B8BC-93C9-4CCB-B46A-920BAB61441E-600x600.png 600w, https:\/\/perdifly.com\/wp-content\/uploads\/2024\/04\/C3C5B8BC-93C9-4CCB-B46A-920BAB61441E-100x100.png 100w\" sizes=\"auto, (max-width: 1024px) 100vw, 1024px\" \/><\/a><\/figure><div class=\"wp-block-media-text__content\">\n<p><strong>WIL MARQUAY<\/strong> est un guide de p\u00eache bas\u00e9 dans le Sud Ouest de la France tout aussi comp\u00e9tent pour vous initier aux bases du lancer que pour vous aider dans votre quette de perfectionnement.<\/p>\n\n\n\n<p>Pour ceux qui cherche \u00e0 se lancer dans la p\u00eache du brochet \u00e0 la mouche, je vous le recommande. <\/p>\n<\/div><\/div>\n\n\n\n<p><\/p>\n","protected":false},"excerpt":{"rendered":"<p>Escape Fly Fishing \/ Balkans \u00e9vasion est agence de voyage d\u00e9di\u00e9e \u00e0 la p\u00eache \u00e0 la mouche que j&rsquo;ai eu la chance de d\u00e9couvrir en 2020 avec qui je voyage r\u00e9guli\u00e8rement. Les destinations propos\u00e9es sont nombreuses ( Bosnie, Chili, Espagne, Etats Unie, Mont\u00e9n\u00e9gro, Norv\u00e8ge, Pologne, Su\u00e8de, Venzuela&#8230;), les poissons fabuleux (Truite, Ombre, Brochet, Bonefish&#8230;) et&hellip;&nbsp;<a href=\"https:\/\/perdifly.com\/index.php\/page-d-exemple\/\" rel=\"bookmark\">Lire la suite &raquo;<span class=\"screen-reader-text\">Partenaires<\/span><\/a><\/p>\n","protected":false},"author":2,"featured_media":0,"parent":0,"menu_order":0,"comment_status":"closed","ping_status":"closed","template":"","meta":{"neve_meta_sidebar":"","neve_meta_container":"","neve_meta_enable_content_width":"","neve_meta_content_width":0,"neve_meta_title_alignment":"","neve_meta_author_avatar":"","neve_post_elements_order":"","neve_meta_disable_header":"","neve_meta_disable_footer":"","neve_meta_disable_title":"","_themeisle_gutenberg_block_has_review":false,"footnotes":""},"class_list":["post-2","page","type-page","status-publish","hentry"],"_links":{"self":[{"href":"https:\/\/perdifly.com\/index.php\/wp-json\/wp\/v2\/pages\/2","targetHints":{"allow":["GET"]}}],"collection":[{"href":"https:\/\/perdifly.com\/index.php\/wp-json\/wp\/v2\/pages"}],"about":[{"href":"https:\/\/perdifly.com\/index.php\/wp-json\/wp\/v2\/types\/page"}],"author":[{"embeddable":true,"href":"https:\/\/perdifly.com\/index.php\/wp-json\/wp\/v2\/users\/2"}],"replies":[{"embeddable":true,"href":"https:\/\/perdifly.com\/index.php\/wp-json\/wp\/v2\/comments?post=2"}],"version-history":[{"count":14,"href":"https:\/\/perdifly.com\/index.php\/wp-json\/wp\/v2\/pages\/2\/revisions"}],"predecessor-version":[{"id":1203,"href":"https:\/\/perdifly.com\/index.php\/wp-json\/wp\/v2\/pages\/2\/revisions\/1203"}],"wp:attachment":[{"href":"https:\/\/perdifly.com\/index.php\/wp-json\/wp\/v2\/media?parent=2"}],"curies":[{"name":"wp","href":"https:\/\/api.w.org\/{rel}","templated":true}]}}