{"id":1023,"date":"2024-03-10T17:35:07","date_gmt":"2024-03-10T16:35:07","guid":{"rendered":"https:\/\/perdifly.com\/?page_id=1023"},"modified":"2025-07-03T15:32:19","modified_gmt":"2025-07-03T13:32:19","slug":"livraison","status":"publish","type":"page","link":"https:\/\/perdifly.com\/index.php\/livraison\/","title":{"rendered":"Livraison"},"content":{"rendered":"\n<h3 class=\"wp-block-heading\">Pr\u00e9paration de la commande<\/h3>\n\n\n\n<p>Les commandes sont prises en charges g\u00e9n\u00e9ralement dans les 48h suivant la commande et celle ci est exp\u00e9di\u00e9s dans les 8 jours suivant la r\u00e9ception de votre paiement. <\/p>\n\n\n\n<p>La pr\u00e9paration et l&rsquo;envoie des boites de mouches peut elle n\u00e9cessiter quelques jours suppl\u00e9mentaire. Un mail vous sera alors envoyer pour vous en informer. <\/p>\n\n\n\n<p>Les frais d\u2019exp\u00e9dition comprennent l\u2019emballage, la manutention et les frais d&rsquo;envoi. Nous ne pouvons pas grouper deux commandes distinctes et vous devrez vous acquitter des frais de port pour chacune d\u2019entre elles. Votre colis est exp\u00e9di\u00e9 \u00e0 vos propres risques, un soin particulier est apport\u00e9 au colis contenant des produits fragiles..<\/p>\n\n\n\n<p>Les colis sont surdimensionn\u00e9s et prot\u00e9g\u00e9s.<\/p>\n\n\n\n<h3 class=\"wp-block-heading\">Le transport de votre colis<\/h3>\n\n\n\n<p>Le mode d\u2019exp\u00e9dition standard est en lettre suivi pour la France et colissimo suivi sans signature pour les colis les plus encombrant. Pour la Belgique l&rsquo;envoie est lui r\u00e9alis\u00e9 \u00e0 l&rsquo;aide de Mondial Relay et la livraison est r\u00e9alis\u00e9e en point relay<\/p>\n\n\n\n<p>Quel que soit le mode d\u2019exp\u00e9dition choisi, nous vous fournirons d\u00e8s que possible un lien qui vous permettra de suivre en ligne la livraison de votre colis.<\/p>\n\n\n\n<p><\/p>\n\n\n\n<p><\/p>\n","protected":false},"excerpt":{"rendered":"<p>Pr\u00e9paration de la commande Les commandes sont prises en charges g\u00e9n\u00e9ralement dans les 48h suivant la commande et celle ci est exp\u00e9di\u00e9s dans les 8 jours suivant la r\u00e9ception de votre paiement. La pr\u00e9paration et l&rsquo;envoie des boites de mouches peut elle n\u00e9cessiter quelques jours suppl\u00e9mentaire. Un mail vous sera alors envoyer pour vous en&hellip;&nbsp;<a href=\"https:\/\/perdifly.com\/index.php\/livraison\/\" rel=\"bookmark\">Lire la suite &raquo;<span class=\"screen-reader-text\">Livraison<\/span><\/a><\/p>\n","protected":false},"author":2,"featured_media":0,"parent":0,"menu_order":0,"comment_status":"closed","ping_status":"open","template":"","meta":{"neve_meta_sidebar":"","neve_meta_container":"","neve_meta_enable_content_width":"","neve_meta_content_width":0,"neve_meta_title_alignment":"","neve_meta_author_avatar":"","neve_post_elements_order":"","neve_meta_disable_header":"","neve_meta_disable_footer":"","neve_meta_disable_title":"","_themeisle_gutenberg_block_has_review":false,"footnotes":""},"class_list":["post-1023","page","type-page","status-publish","hentry"],"_links":{"self":[{"href":"https:\/\/perdifly.com\/index.php\/wp-json\/wp\/v2\/pages\/1023","targetHints":{"allow":["GET"]}}],"collection":[{"href":"https:\/\/perdifly.com\/index.php\/wp-json\/wp\/v2\/pages"}],"about":[{"href":"https:\/\/perdifly.com\/index.php\/wp-json\/wp\/v2\/types\/page"}],"author":[{"embeddable":true,"href":"https:\/\/perdifly.com\/index.php\/wp-json\/wp\/v2\/users\/2"}],"replies":[{"embeddable":true,"href":"https:\/\/perdifly.com\/index.php\/wp-json\/wp\/v2\/comments?post=1023"}],"version-history":[{"count":3,"href":"https:\/\/perdifly.com\/index.php\/wp-json\/wp\/v2\/pages\/1023\/revisions"}],"predecessor-version":[{"id":2711,"href":"https:\/\/perdifly.com\/index.php\/wp-json\/wp\/v2\/pages\/1023\/revisions\/2711"}],"wp:attachment":[{"href":"https:\/\/perdifly.com\/index.php\/wp-json\/wp\/v2\/media?parent=1023"}],"curies":[{"name":"wp","href":"https:\/\/api.w.org\/{rel}","templated":true}]}}